12 - 5 - ((-21 - -70) + 13)) + -9?
-80
What is -8 - -19 - 17 - (-15 - 2) - (4 - 0)?
7
-7 - (-13 - -5) - 19 - (37 - 22)
-33
45 - (-21 + -1 + (3 - (-11 - -11)))
64
Evaluate 1 + 0 - 24 - (134 + -123) - -1.
-33
Calculate -70 + 15 - (61 + -202).
86
3 + 0 + 0 - 1 - (-36 + (-8 - -99))
-53
-83 - -1 - (-40 - (-175 + 105))
-112
Evaluate (152 - 150) + (-11 - 0) + 14 + -3.
2
What is the value of 25 - (11 + (-11 - -61))?
-36
64 - (-4 + (6 - -16))
46
Evaluate (-2 - (-1 + 6) - (2941 - 2942)) + -49.
-55
Calculate -26 + (2 - ((23 - 9) + 11)).
-49
Evaluate (0 + -5 - (-1 + -12 + -243 + 254)) + 84.
81
(-20 - -8) + 41 + (-186 - -253)
96
Calculate -14 - ((-4 - 12) + -112 + 144).
-30
What is the value of -12822 + 12783 - (1 - 41)?
1
What is the value of -17 + 6 - (-27 + 11 + -9)?
14
Calculate 0 + 40 + (-52 - -12).
0
Evaluate -7 - (15 + -10 + 16 - 3).
-25
(-24 - (3 + -9) - -27) + 1 + -87 - 2
-79
What is the value of (5 - -173) + -300 + 224?
102
-9 + -2 + 7 + 2 + 1 - 1
-2
Calculate -10 + ((-4 - -6) + -6 - -9) - (0 - 40).
35
Calculate (12 - 51) + (-5 - -23 - 0) + -24.
-45
4 + 1 + (-42 - -36) + (25 - -1) - -11
36
What is -51 + 32 - (6 + -4) - -8?
-13
49 + -16 - 44 - (-14 + 7)
-4
What is -4 + -155 + 106 - 40?
-93
Evaluate (-1 + 0 - (-1 + -39)) + (-3 - (-1 - -3)).
34
Calculate 3387 - 3386 - (0 + -24).
25
What is the value of 2 + 64 - (0 - (-14 + 7 - -2)) - 0?
61
71 + 76 + -36 + -82
29
Calculate -28 + -14 + 6 - ((2 + 0 - 6) + 4).
-36
164 + (-57 + 85 - (41 - -16))
135
Calculate 59 - (63 + (25 - 53)).
24
Calculate 0 + (968 + -976 - (1 - -16)).
-25
Calculate -15 + (-35 - (20 - 42)) + 43.
15
Evaluate -12 - ((0 - -7) + (42 - (28 + 20))).
-13
6 + 0 + 1 + (-2624 - -2435) + 57 + -1
-126
What is 595 + -637 + (29 - -2)?
-11
0 + -58 - (-381 + 330)
-7
(-16 - (20 - (24 + 15))) + (1 - 17)
-13
Evaluate 36 + -51 + (4 - -25).
14
Calculate -8 - -5 - (10 + (4 - 17 - -14)).
-14
What is (3 - (0 + 61)) + (-73 - -91)?
-40
Calculate -31 + (46 - (67 - 83)).
31
Evaluate 29 + -62 - -14 - (7 + 1 - -4).
-31
What is (11 - (40 - 83)) + 26?
80
What is (4 - -6 - -1) + -20 + 7 + 6 + 2?
6
-28 + (24 - 66) + 126
56
What is (8 + 11 + -10 - (13 - 0)) + (-7 - -1)?
-10
(-28 - -18) + -14 + 24
0
What is 84 + (26 - 97) + -4 + (2 - 3) - 32?
-24
Calculate 35 - 0 - (305 - (-22 - -177)).
-115
(-21 - (141 - 105)) + 85
28
Evaluate (79 - 65) + -19 + (10 - 8) - 74.
-77
Calculate 14 + (52 - (10 + -10 + -18) - -5).
89
Calculate -1455 - -1449 - ((4 + -3 - -17 - 2) + 4).
-26
Calculate 56 + 2 + (8 - (-10 - -28)) + 21.
69
Evaluate -20 + 5 + 11 + 16 + -22 + -4.
-14
What is 27 + (-22 - 10) + -32?
-37
What is 293 + -284 + (-2 - (1 + 2)) + (-3 - -3)?
4
Calculate 4 + (12 + (5 - 24) - -9) + -46.
-40
What is the value of 1 + 2 + 20 - -31?
54
Calculate (-165 - -170) + (-3 + (2 - -7) - 2) - -2.
11
Calculate -12 - (112 - 32 - 34).
-58
What is the value of -19959 + 19978 - (1 - (1 + -17)) - (1 + -8)?
9
-64 + -15 + 7 + (9 - 38)
-101
What is the value of 10 + (40 - (-26 - -29)) + 38?
85
Calculate 7 - (8 + 11 - 10) - 24.
-26
Calculate -27 + -5 + 10 - (18 - (11 + 1)).
-28
Evaluate -8 + -4 + (217 - 204) + (0 - 116) + -2.
-117
-59 + (-34 + 97 - 23)
-19
What is the value of 59 + -52 + -2 + -9?
-4
(94 - 106) + -20 + 9 + -3
-26
What is the value of 0 + 85 + -3015 + 2953?
23
-4 + 5 - (-27 + 38 + -18 + 18 + -2)
-8
7 + -6 + 8 + (3 - -3) + 1 + 7
23
What is 23 + (44 - -4) + (-52 - -83)?
102
Calculate -121 + -59 + 124 + 1.
-55
Calculate -23 + (4 - ((9 - 10) + 9) - (3 - 2)).
-28
Evaluate 34 + (-37 - (22 + -24)) + (14 - 3).
10
Calculate (4 + (1 + -8 - (82 + -86)) - 1) + 57.
57
What is (-45 - -1 - -55) + (6 - (2 - -69)) + 6?
-48
Calculate -23 + 23 + 37 - (33 + -33).
37
Evaluate 79 + (38 + 80 - 102).
95
What is the value of (0 - 13) + 3 + -18 + (-6 - -110)?
76
Evaluate 50 + (8 - (32 + -12)).
38
What is the value of 49 + -111 + 110 - 53?
-5
What is the value of 737 + -783 + -66 + 14?
-98
What is the value of -114 - (32 - 79) - -86?
19
Evaluate 42 - -1 - (52 - -43).
-52
6 - (-3 + (-20 + 2 - (33 - 44)) - -75)
-59
What is -21 - (19 - 144) - (81 + -56)?
79
What is (-1 - -24 - (-32 - 0)) + 18?
73
What is the value of -37 + -3 - (-17 + -9) - -34?
20
What is the value of -76 + (-16 - -8) + 42 - -15?
-27
What is the value of 186 + 129 + 129 + -321?
123
What is -70 - (-15 - (81 - 71))?
-45
8 + -1 + -2 + 22 + -13 + -23 + 41
32
What is 47 + (-43 - (12 - -2))?
-10
(-17 - -138 - (-1 - -2)) + 84 + -73 + -12
119
Calculate 1 + -19 - (-178 + (107 - 41)) - 10.
84
What is the value of 16 - (1 - -1 - (16 - 2 - (-59 + 71)))?
16
Calculate -45 + (-13 - (-11 - (3 - 15))) + 20.
-39
Evaluate -5 + -5 + -2 + (40 - -13).
41
Evaluate -5 - -15 - (14 + -10) - ((21 - 68) + 3).
50
Evaluate 54 + (-86 - -64) - 47.
-15
What is the value of 34 - (3 - (80 + -42))?
69
What is the value of 100 + 73 + 17 + -138?
52
19 + -7 + -9 + (-18 - -23)
8
Calculate (-9 - (10 - 22 - -32)) + 12 - -96.
79
Calculate 14 - (-35 + 25 + -22 - -128).
-82
Calculate 37 + (59 - 166) + 24.
-46
What is the value of 237 + -137 - (5 + 99)?
-4
Evaluate 0 - (-15 + 22) - (-51 + 5 + -4 + -6).
49
What is the value of -197 - -219 - (92 + -2)?
-68
What is the value of -3 - ((0 - (11 + -32)) + -72)?
48
Evaluate (207 - 64 - 151) + 142.
134
-120 - -106 - ((-6 - 2) + -16)
10
What is -110 + 171 + 58 + -119?
0
Evaluate -13 - (-1 + -1 + -8) - -16 - (52 - -5).
-44
What is the value of (107 - 73) + -10 - (15 - 0)?
9
Evaluate 0 - (8 + (78 - -10)) - (-12 - -28).
-112
Evaluate 65 + (57 - (75 + -15)).
62
What is the value of -45 - (-8 + 14) - (-18 + 31)?
-64
What is the value of (14 - 87) + (-105 - -130)?
-48
What is -20 - (1 + (-12 + -51 - -20))?
22
What is 149 + -50 + -117 + 99?
81
What is 35 - (62 - (-38 - -105))?
40
Calculate (100 - (-21 - (-12 - 0))) + -10.
99
Calculate (44 - 53) + (-42 - 2) + 17.
-36
Calculate -4 + (16 + -3 + -1 + -26 - -47).
29
What is -10 + -30 - (-32 + 15) - 6?
-29
What is the value of (126 + -2 - (17 - 14) - 20) + 14?
115
3 + 6 - (-10 + 29 + 7 + 45)
-62
(-52 - -85) + -9 + (3 - (5 + (-2 - 8)))
32
Calculate -1 - 8 - (-66 - (-9 + -37)) - 16.
-5
What is the value of (-1593 - -1584 - (24 - 1)) + 13?
-19
What is 19 + (-65 - -41 - -30)?
25
-7 + ((-2 + -13 - -7) + 15 - 6) + 142
136
What is -40 + -1 + (-59 - -21 - (-59 - -24))?
-44
6 - (7 - (7 + -3)) - ((54 - 22) + -7)
-22
(8 - (2 + -1) - 2) + -130 + (371 - 162)
84
What is -26 + 29 + (-1 - 24) + (-4 - -16)?
-10
What is the value of -8 + -1 - (-57 + 58) - (267 + -150)?
-127
Calculate -61 + -15 + (170 - 96).
-2
What is the value of -1 + 17 + 1198 + -1189 - 0?
25
What is the value of (-25 + 36 - (2 + 20 - (-38 - -49))) + -111?
-111
Evaluate 13 + (104 + -42 - -44) + (-2 - 15).
102
Calculate 42 + 0 + (-1009 - -983) + (-7 - -3).
12
What is the value of 57 + (314 - 370) + (21 - -2)?
24
Evaluate -37 + (88 + -48 + -24 - (-1 - 1)).
-19
-3 - (7 + -1 - (399 - 417))
-27
Evaluate -15 - (16 + -116 + 79 - (-43 - -1)).
-36
Evaluate (48 - 31 - -35) + -46.
6
What is (4 + -8 - -17) + (24 + -13 - 19 - -19)?
24
What is the value of -5 + 32 + -14 - (-11 - 55)?
79
What is 8 + 10 - 11 - -4 - (22 - -6)?
-17
-7 + (-1 - -14) + 3
9
What is the value of 13 - (-2 + 0 + 12 - 12 - (-2 + -8))?
5
What is 0 + 2 + 3 + (-24 - -58)?
39
Calculate (-14 - (0 - 0)) + (51 - (34 + -46)).
49
Calculate 13 + -6 + (6 - (1 + 12)).
0
Evaluate (-7 - 0) + (8 - 13 - (0 - (-3 - 14))).
-29
What is 11 + (-1 + (-25 - -6 - -5) - 12)?
-16
What is the value of (-4 - -2 - -33) + -33 + 43?
41
What is the value of -60 - -1 - ((2 - (7 - -1)) + -5)?
-48
What is (336 - 319) + (-4 - 29) - -45?
29
What is the value of 995 + -987 - (-40 + (0 - (1 + 3)))?
52
What is the value of -45 - -5 - (1000 + -1089)?
49
Evaluate -6 - (0 - 11) - (-1235 - -1199).
41
What is 6 - 9 - (14 + 6 + -4 + -28)?
9
Evaluate 9 + (5 - -4) + -4 + 19 + -3.
30
Evaluate (14 - 110 - -176) + (0 - -4) + 1.
85
(-34 - -1) + (-20 - -18) + (3 - 2)
-34
Calculate (4 - (0 - 76)) + -149.
-69
What is the value of -60 - 0 - (-88 - (-167 - -97))?
-42
What is the value of (-31 - 1) + (-84 - (-66 - -2))?
-52
Evaluate -23 + 13 + 0 + -7 + -11 + 38.
10
(30 - (1 - -2)) + (-1 + (9 - -10) - 15)
30
What is the value of (-16 - (9 + 17 + (-1 - 9))) + 7?
-25
351 + -322 + (3 - (0 + 2 - 5))
35
(45 - 19 - 34) + -79 - -31
-56
Calculate (1 - 3 - 6) + -78 + 59 - 11.
-38
Calculate -201 + 157 + (143 - 3).
96
